visor of 64 and 6?
2
Calculate the greatest common factor of 864 and 32.
32
What is the highest common factor of 22 and 2?
2
Calculate the highest common factor of 302 and 5587.
151
Calculate the highest common divisor of 234 and 95706.
234
Calculate the greatest common factor of 9716 and 28.
28
Calculate the greatest common factor of 64 and 8.
8
What is the highest common factor of 246 and 6?
6
What is the greatest common divisor of 1843 and 97?
97
What is the greatest common divisor of 20 and 24?
4
What is the highest common factor of 16 and 656?
16
Calculate the greatest common divisor of 207 and 36.
9
What is the greatest common divisor of 55 and 485?
5
Calculate the highest common divisor of 2 and 27.
1
What is the highest common factor of 10 and 8800?
10
Calculate the greatest common divisor of 526 and 6.
2
Calculate the highest common factor of 665 and 95.
95
What is the greatest common factor of 1618 and 3?
1
What is the greatest common factor of 96 and 8032?
32
What is the greatest common divisor of 70 and 98?
14
Calculate the greatest common divisor of 120 and 210.
30
What is the greatest common divisor of 44 and 2068?
44
Calculate the greatest common factor of 104 and 2457.
13
What is the greatest common factor of 88 and 152?
8
What is the highest common divisor of 68 and 60?
4
Calculate the greatest common divisor of 1342 and 88.
22
Calculate the highest common divisor of 272 and 391.
17
What is the greatest common factor of 1702 and 74?
74
Calculate the greatest common divisor of 621 and 138.
69
Calculate the highest common divisor of 11 and 2299.
11
Calculate the highest common factor of 78 and 182.
26
Calculate the highest common factor of 108 and 72.
36
What is the highest common divisor of 2448 and 8432?
272
What is the greatest common factor of 320 and 40?
40
What is the highest common divisor of 896 and 23744?
448
Calculate the highest common factor of 1539 and 1482.
57
Calculate the greatest common factor of 4440 and 120.
120
Calculate the greatest common factor of 12 and 276.
12
What is the highest common factor of 190 and 9785?
95
What is the highest common divisor of 7385 and 35?
35
Calculate the greatest common divisor of 6 and 3846.
6
What is the greatest common divisor of 1023 and 5?
1
What is the greatest common divisor of 10904 and 754?
58
Calculate the greatest common factor of 15 and 8575.
5
Calculate the greatest common divisor of 40 and 110.
10
Calculate the highest common divisor of 414 and 46.
46
Calculate the greatest common factor of 259 and 280.
7
What is the highest common divisor of 972 and 12?
12
What is the highest common factor of 284 and 1207?
71
What is the greatest common factor of 7020 and 216?
108
Calculate the greatest common divisor of 294 and 21.
21
Calculate the highest common divisor of 9 and 12.
3
Calculate the highest common divisor of 180 and 120.
60
Calculate the greatest common factor of 2277 and 132.
33
What is the greatest common factor of 160 and 10?
10
What is the greatest common divisor of 543 and 15?
3
Calculate the greatest common divisor of 57 and 2907.
57
What is the greatest common factor of 12 and 96?
12
What is the highest common factor of 68 and 187?
17
What is the greatest common factor of 1504 and 13912?
376
What is the highest common divisor of 867 and 51?
51
Calculate the greatest common factor of 153 and 36.
9
Calculate the highest common divisor of 996 and 15189.
249
What is the greatest common divisor of 10 and 3430?
10
What is the greatest common divisor of 187 and 88?
11
Calculate the highest common factor of 130 and 8710.
130
What is the greatest common divisor of 28 and 6328?
28
What is the highest common divisor of 600 and 90?
30
What is the greatest common factor of 196 and 44?
4
Calculate the highest common divisor of 10 and 190.
10
What is the highest common divisor of 261 and 48?
3
What is the greatest common divisor of 63 and 357?
21
What is the greatest common divisor of 423 and 315?
9
What is the greatest common divisor of 425 and 30?
5
What is the greatest common divisor of 7089 and 34?
17
Calculate the greatest common divisor of 9647 and 11.
11
Calculate the highest common divisor of 232 and 8178.
58
Calculate the highest common divisor of 56 and 378.
14
Calculate the greatest common factor of 1085 and 31.
31
What is the highest common divisor of 165 and 132?
33
What is the greatest common divisor of 441 and 126?
63
Calculate the greatest common divisor of 364 and 156.
52
What is the greatest common factor of 52 and 494?
26
Calculate the highest common divisor of 24 and 20388.
12
What is the greatest common divisor of 22 and 1683?
11
Calculate the greatest common factor of 18 and 4014.
18
Calculate the greatest common divisor of 836 and 988.
76
Calculate the highest common divisor of 480 and 70.
10
What is the highest common factor of 3450 and 1173?
69
What is the highest common divisor of 171 and 19?
19
Calculate the greatest common factor of 160 and 15.
5
What is the highest common factor of 10 and 5605?
5
Calculate the highest common divisor of 210 and 595.
35
Calculate the greatest common factor of 182 and 2678.
26
Calculate the greatest common divisor of 1575 and 90.
45
Calculate the highest common factor of 820 and 160.
20
What is the greatest common divisor of 200 and 320?
40
Calculate the greatest common divisor of 89826 and 66.
66
Calculate the greatest common factor of 429 and 572.
143
Calculate the highest common divisor of 13 and 533.
13
Calculate the highest common factor of 22 and 374.
22
What is the greatest common divisor of 120 and 1180?
20
What is the greatest common divisor of 16 and 568?
8
What is the greatest common factor of 2 and 508?
2
Calculate the greatest common factor of 2100 and 84.
84
Calculate the highest common factor of 2930 and 70.
10
Calculate the greatest common factor of 504 and 36.
36
Calculate the highest common divisor of 28 and 126.
14
What is the highest common factor of 216 and 15336?
216
What is the highest common factor of 167 and 95357?
167
Calculate the greatest common factor of 6 and 3954.
6
Calculate the highest common factor of 9 and 807.
3
Calculate the greatest common factor of 264 and 4664.
88
What is the highest common factor of 98 and 35?
7
What is the highest common divisor of 45 and 8865?
45
What is the highest common divisor of 102 and 36?
6
Calculate the highest common divisor of 399 and 14.
7
Calculate the highest common divisor of 224 and 392.
56
What is the highest common divisor of 1271 and 123?
41
What is the greatest common divisor of 1120 and 210?
70
What is the greatest common factor of 1310 and 30?
10
What is the highest common divisor of 1830 and 24?
6
What is the highest common factor of 45 and 9?
9
Calculate the highest common factor of 525 and 50.
25
Calculate the greatest common factor of 6187 and 2152.
269
Calculate the highest common factor of 533 and 164.
41
Calculate the highest common divisor of 481 and 26.
13
Calculate the highest common factor of 60 and 12.
12
Calculate the greatest common factor of 160 and 80.
80
What is the highest common factor of 85290 and 30?
30
What is the greatest common divisor of 50 and 830?
10
What is the highest common factor of 525 and 21?
21
Calculate the highest common factor of 26 and 50.
2
Calculate the greatest common divisor of 760 and 1045.
95
Calculate the greatest common factor of 12 and 544.
4
What is the greatest common divisor of 62 and 1674?
62
What is the greatest common factor of 1320 and 5500?
220
Calculate the highest common factor of 184 and 46.
46
Calculate the highest common factor of 2388 and 12.
12
Calculate the greatest common factor of 2086 and 28.
14
What is the greatest common divisor of 66 and 550?
22
What is the highest common divisor of 11 and 28754?
11
Calculate the highest common factor of 572 and 26598.
286
What is the greatest common factor of 18 and 2934?
18
What is the highest common factor of 4042 and 470?
94
Calculate the greatest common divisor of 2813 and 2619.
97
What is the highest common factor of 15123 and 639?
213
Calculate the highest common divisor of 51 and 3.
3
What is the highest common divisor of 185 and 15?
5
What is the highest common factor of 16 and 288?
16
What is the highest common facto